eatest common divisor of r and 28?
4
Let s be (-78 - -71)*31/(-7). Suppose -2*w = 4*c - 1178, 4*w = -0*w - 4*c + 2356. Calculate the greatest common divisor of s and w.
31
Suppose -102 - 86 = -a - z, -z = -5*a + 946. Let p be ((-1350)/(-24))/25*(1 + -5) + 144. What is the highest common divisor of p and a?
27
Suppose -4*h + 3*w + 1302 = 0, -2765 + 1133 = -5*h + 3*w. Calculate the highest common divisor of h and 275.
55
Let v be 63/((-20)/28 + 108/63). Calculate the highest common factor of v and 36.
9
Let f(n) be the first derivative of -n**3/3 + 5*n**2 - 23*n - 16. Let g be f(5). Calculate the highest common divisor of g and 4.
2
Let s = 637 - 626. Suppose 7*o = s*o + 3*y - 7477, -y = o - 1869. Calculate the highest common factor of 110 and o.
110
Let o(u) = -2*u**3 - 12*u**2 - 10*u - 53. Let x be o(-10). Suppose -115 - 347 = -6*t. Calculate the greatest common factor of x and t.
77
Let u = -6904 + 6945. Let p(h) be the second derivative of h**3/6 + 41*h**2 + h. Let f be p(0). What is the highest common divisor of u and f?
41
Suppose -j - 114 = -4*u, 0 = 3*j - 4*j + u - 105. Let l be (-2)/((-4)/j*-3). What is the highest common divisor of 17 and l?
17
Suppose -z - 3*s = 6, 0*s - 18 = 3*z + s. Let k = 34 + z. Let u be (-423)/(-63) + (15/126 - 3/(-18)). Calculate the greatest common factor of u and k.
7
Suppose -4 = f, -8*l + 10*l - 698 = 3*f. Suppose l = 71*p - 64*p. What is the greatest common factor of 21 and p?
7
Suppose 9*r + 2 = 7*r. Let a be 30 + 0 + (-4 - r). Let s(o) = o**2 - 2*o + 45. Let v be s(0). What is the highest common factor of v and a?
9
Let q = -484 + 486. Suppose 4*n - 964 = -4*u, -q*n = 2*n + 5*u - 969. Calculate the greatest common divisor of 4 and n.
4
Suppose -7*k - 3*s + 33 = -5*k, 87 = 3*k - 3*s. Calculate the highest common factor of k and 726.
6
Let g be ((-49)/7)/7 + -524. Let m = -485 - g. What is the highest common factor of m and 140?
20
Suppose 595*i - 104118 = 291*i + 267*i. What is the greatest common factor of 28 and i?
14
Suppose 4*g - 2*l - 68 = 0, -3*g + 5*l + 15 + 50 = 0. Suppose 4*q = -r + 4*r + 1605, -3*r + 1230 = 3*q. Calculate the greatest common divisor of g and q.
15
Suppose 133*c - 132*c = 4*h - 9, 36 = 7*h + 5*c. Calculate the highest common factor of h and 4260.
3
Suppose 1540 = 5*q - 5*j, -324 = -341*q + 340*q + 5*j. Calculate the greatest common factor of 32 and q.
16
Let t(m) = 5*m - 2. Let w be t(1). Suppose w*i + 1390 = -7*i. Let c = 149 + i. What is the highest common factor of c and 50?
10
Suppose -27*z + 25*z = -7*t + 5514, t + 2*z - 774 = 0. Calculate the highest common factor of 11266 and t.
262
Let v(d) = 10*d**2 - 255*d + 2113. Let h be v(8). Suppose -6*i + 69 = -3*i. Calculate the highest common factor of i and h.
23
Let v(m) = -m**2 - 69*m - 101. Let p be v(-67). What is the highest common factor of p and 682?
11
Let j(r) be the third derivative of r**6/120 - 3*r**5/20 + r**4/3 - 16*r**3/3 - 3*r**2 - 8. Let t be j(9). What is the highest common divisor of 16 and t?
8
Suppose 66*a - 34 = 61*a - 2*x, 6*x - 6 = a. Calculate the highest common factor of 15138 and a.
6
Suppose 11 = 19*g - 27. Suppose -5*c + 318 = -2*o, g*c + 54 - 194 = 4*o. Calculate the highest common divisor of 527 and c.
31
Suppose -637*d = -680*d + 4085. Suppose 3*s = -s + 228. Calculate the greatest common divisor of d and s.
19
Let s = 586 - 410. What is the greatest common divisor of 896 and s?
16
Suppose -2*q + 0*q + 772 = 0. Let l = 1646 + -1370. Let f = q - l. What is the greatest common factor of f and 11?
11
Let k = 14598 + -13980. What is the highest common divisor of 138 and k?
6
Let q = -7633 + 7644. Suppose 0 = -5*h + h + 220. What is the highest common divisor of h and q?
11
Let m(r) = -r**3 - 18*r**2 - 18*r - 14. Let y be m(-17). Let k be 606/9 + (-1)/y. Suppose -68*h = -k*h - 27. What is the greatest common factor of 3 and h?
3
Let t be (-16)/7 + (-44)/(-154). Let q be (-20)/t*(-344)/(-20). What is the greatest common factor of q and 43?
43
Suppose 14*k = 1356 + 3642. Suppose 17*a = 24*a - k. What is the highest common factor of 9 and a?
3
Let j = -2678 + 2681. Calculate the greatest common factor of 3651 and j.
3
Let o(s) be the third derivative of -s**5/60 - s**4/12 + 25*s**3/6 + 17*s**2. Let c be o(4). What is the greatest common divisor of 4 and c?
1
Let v = -163 - -187. Let x be (-87)/(-4) + 126/v + -5. What is the highest common factor of x and 121?
11
Suppose 2 = -y, h - 6*h - 3*y - 6 = 0. Suppose h = 15*c - 622 - 278. Calculate the greatest common factor of 45 and c.
15
Let t be (120/(-70))/(4/(-266)). Suppose 0 = -39*r - 580 + 2803. What is the highest common divisor of r and t?
57
Let o = -1688 - -2451. Suppose -6*j = 277 - o. What is the greatest common divisor of j and 9?
9
Let c = 543 + -527. Let n(w) = 9*w + 2*w + 4*w + 9*w. Let y be n(1). What is the greatest common divisor of c and y?
8
Let c = 406 - 282. Suppose -3*k = 3*x - 87, -k - 4*x = -5*k + c. Suppose -33*l + 48 = -k*l. Calculate the highest common divisor of l and 56.
8
Suppose 60 = -c + 62. Let m(t) = 6*t - 58. Let u be m(17). Calculate the highest common divisor of c and u.
2
Let u be (-5)/(-10) - 610/(-20). What is the highest common factor of u and 403?
31
Suppose -o + 31*j = 33*j - 114, 5*j + 20 = 0. Calculate the highest common divisor of o and 3538.
122
Suppose 2*o = 4*o - 96. Suppose 18*v + 24 = 16*v. Let w be 21/14 - 87/v*2. What is the highest common divisor of w and o?
16
Let l = -2613 + 2861. What is the highest common divisor of 341 and l?
31
Suppose -3*f + 187 = -p, 3*f = -2*f + 3*p + 313. Let z = -48034 + 48096. Calculate the greatest common factor of f and z.
62
Let n be (-4468)/(-18) - 5/180*8. Calculate the highest common divisor of 558 and n.
62
Let q be 4516/28 - 2/7. Suppose -h = -c + 38, q = -2*c + 6*c + 5*h. Let m = -18483 - -18509. What is the greatest common divisor of m and c?
13
Suppose 7*f - 5*f - 564 = 0. Let p = -265 + f. Calculate the highest common factor of 221 and p.
17
Let o = 87 + -80. Suppose -12*l + 7752 = o*l. What is the greatest common factor of 153 and l?
51
Let g(p) = -p**2 + 182*p - 1413. Let y be g(67). What is the highest common divisor of 132 and y?
44
Suppose 0*g - 4*f + 1415 = -5*g, g - 3*f = -272. Let u = g + 292. Calculate the highest common factor of 20 and u.
5
Let r(o) = -116*o - 1133. Let f be r(-24). Calculate the greatest common divisor of 39 and f.
13
Let n = 20 + -3. Suppose -46 = -z - 3*y + 72, -420 = -3*z + 2*y. What is the highest common factor of n and z?
17
Let b be (147/(-14))/(90/(-480)). Calculate the greatest common divisor of 5964 and b.
28
Let l = -400 + 562. Let z(f) = 5*f**2. Let v be z(3). Suppose -3*c + 9 + v = 0. What is the greatest common divisor of c and l?
18
Let b be (-4)/8 - (-7)/2. Suppose 0 = -b*v + 12 + 15. Suppose 0 = 473*d - 68673 + 17589. Calculate the greatest common factor of v and d.
9
Let a(r) = r**2 + 16*r + 21. Let l = 45 - -15. Suppose 75 = -5*s + 3*i, -s + i - l = 3*s. Let n be a(s). What is the highest common divisor of n and 10?
2
Suppose -4*o = 3*c - 7 - 3, -5*o = 2*c - 9. Suppose c*t - 6*t - 3*i = -259, 0 = 3*t - i - 191. What is the highest common factor of t and 16?
16
Let i = -5 - 2. Let s(d) = -28*d + 2. Let k be s(i). Let t(w) = -w**3 + 66*w**2 + 678*w - 207. Let z be t(75). Calculate the highest common factor of k and z.
18
Let b(v) = 2*v**2 - 42*v + 44. Let o be b(20). Suppose 7 = o*d - 41. Suppose 3*z + 153 = d*z. What is the highest common factor of 153 and z?
17
Let p be -15*11/(-3)*15/3. Suppose p*x + 30 = 281*x. What is the highest common divisor of 25 and x?
5
Suppose 9 = 6*j - 9. Let b be 15/6*(111 - j). Let x = -34 - -64. Calculate the greatest common divisor of x and b.
30
Let b = -14758 - -14786. Suppose 2 = 2*z + 8. Let c be (-86)/z + 4/(-6). Calculate the greatest common factor of c and b.
28
Let w(x) = x**2 + 14*x - 11. Let i be w(-15). Suppose -i*b + 5*u + 352 = 0, -b - b = 5*u - 146. What is the greatest common factor of 996 and b?
83
Let z be 175/7 - (-3 - -1). Let o = -1991 - -2342. Calculate the greatest common factor of o and z.
27
Let t = 190 + -185. Let z(h) = 2*h**3 - 3*h**2 - 3*h - 16. Let c be z(t). What is the greatest common factor of 9 and c?
9
Suppose -c + 6 = 2*c. Let d(z) = 2*z - 3*z**2 + 